0161
In base 4, what is -103 - -100210011?
100203302
In base 3, what is -10020 - 1220020?
-2000110
In base 11, what is 119 + 143?
261
In base 6, what is 30335 - -3?
30342
In base 15, what is -3 - -973e?
973b
In base 2, what is 11001000100000010010110 - -101?
11001000100000010011011
In base 8, what is -211265 + -2?
-211267
In base 8, what is -12 + 372330?
372316
In base 3, what is 222122111 - -2220?
222202101
In base 7, what is 410 - 456?
-46
In base 4, what is -30011 + -132123?
-222200
In base 3, what is -1110002 + 210?
-1102022
In base 14, what is -42c + 97?
-375
In base 5, what is -103 - -4141?
4033
In base 13, what is 5734c + 5?
57354
In base 2, what is -10000 - -100011110001110111?
100011110001100111
In base 14, what is 111 - -5c1?
6d2
In base 2, what is -10 - 11110011010?
-11110011100
In base 12, what is 5 - 37455?
-37450
In base 15, what is -6d21 + -5?
-6d26
In base 16, what is -1a40f + -4?
-1a413
In base 10, what is -495 + 1195?
700
In base 14, what is -2b + 93a?
90d
In base 4, what is -201210021 - 21?
-201210102
In base 7, what is 55432 + 26?
55461
In base 12, what is -9344 - -1?
-9343
In base 14, what is -c27db + -5?
-c2802
In base 13, what is -63 - 9725?
-9788
In base 10, what is -147 - -7?
-140
In base 11, what is 3 + 2721a5?
2721a8
In base 3, what is 11 + 2012010111?
2012010122
In base 2, what is -101 + -1101111111101010001?
-1101111111101010110
In base 2, what is 11110110101100111 - 10?
11110110101100101
In base 5, what is 10304423 + 10?
10304433
In base 9, what is -7278 + -1087?
-8376
In base 12, what is -35884 + -5?
-35889
In base 3, what is 2201121020 + -10?
2201121010
In base 10, what is 211148 - -2?
211150
In base 7, what is 55104 + 60?
55164
In base 8, what is 3 + -1737254?
-1737251
In base 9, what is 83 + -427?
-334
In base 11, what is 8a303 + 4?
8a307
In base 6, what is -415505 + 12?
-415453
In base 9, what is -5 - 7243?
-7248
In base 8, what is 77475 + 35?
77532
In base 16, what is -3 - a51?
-a54
In base 6, what is -3 + 4240045?
4240042
In base 11, what is -4680 + -18a?
-485a
In base 14, what is 13a8b1 + -8?
13a8a7
In base 4, what is -2021 - -10332032?
10330011
In base 2, what is -11 - -1110111111110100110?
1110111111110100011
In base 14, what is -4c57 + 10?
-4c47
In base 10, what is 57156 + -3?
57153
In base 5, what is 214 + 112400?
113114
In base 7, what is -1524 - -345?
-1146
In base 6, what is -3 - -2155053?
2155050
In base 16, what is -5e745 + 2?
-5e743
In base 15, what is -2 - 10c989?
-10c98b
In base 7, what is 546444 + -3?
546441
In base 10, what is 5322 - -9?
5331
In base 16, what is -1 + b5ec?
b5eb
In base 11, what is -370a31 - 5?
-370a36
In base 4, what is 21032 + -10330?
10102
In base 14, what is -a + -1884?
-1890
In base 5, what is 3 - -112440143?
112440201
In base 13, what is -13 + 506?
4c3
In base 15, what is -1 - 1506?
-1507
In base 7, what is 340 - 20232?
-16562
In base 4, what is 2003222 + 30?
2003312
In base 3, what is 11 - 1121210110?
-1121210022
In base 7, what is -62301 - 3?
-62304
In base 12, what is 1116 + 1?
1117
In base 2, what is -10001100111001 - 1101?
-10001101000110
In base 8, what is -217257 + 3?
-217254
In base 9, what is -160 - -46?
-113
In base 5, what is -10402 + 2240?
-3112
In base 13, what is -723a4 + -4?
-723a8
In base 5, what is 23 - -233424?
234002
In base 15, what is -d50 - -1b?
-d34
In base 13, what is -6730 + 12?
-671b
In base 16, what is -5c + -5ce?
-62a
In base 6, what is 341251 - -31?
341322
In base 4, what is -2301 - -233?
-2002
In base 8, what is 14377 - 13?
14364
In base 5, what is -12431240 + -23?
-12431313
In base 10, what is 44 + -1345?
-1301
In base 12, what is 14223 - 105?
1411a
In base 5, what is -1430 + 1010?
-420
In base 16, what is -645 + 16f?
-4d6
In base 4, what is -2 - -320310221?
320310213
In base 7, what is -6 + 121?
112
In base 8, what is 1453 + 133?
1606
In base 5, what is -2114 - 311322?
-313441
In base 11, what is 1491 - 86?
1406
In base 13, what is 4 + -3bb48?
-3bb44
In base 4, what is -332020130 - 0?
-332020130
In base 14, what is 1a7 - 4329?
-4162
In base 8, what is 36111 + 133?
36244
In base 16, what is 2f5 + 12b?
420
In base 5, what is 2 - 211400?
-211343
In base 15, what is -38 - -396?
35d
In base 15, what is -3 - -40d?
40a
In base 10, what is -2 + -102436?
-102438
In base 3, what is 1210020 - 10200012?
-1212222
In base 6, what is -3545 + 3?
-3542
In base 10, what is 2971 + -56?
2915
In base 14, what is -1 + 523b?
523a
In base 9, what is 1 - 24804?
-24803
In base 12, what is -41a87 + 2?
-41a85
In base 15, what is -105aa9e + 4?
-105aa9a
In base 10, what is -64 + 6008?
5944
In base 13, what is -63bb - 25?
-6413
In base 4, what is -1322 - 111103?
-113031
In base 12, what is -110 - 74a?
-85a
In base 4, what is 312 - 301013?
-300101
In base 12, what is -263 - -8a?
-195
In base 15, what is -b5 - 2d?
-e3
In base 7, what is 130412 + 0?
130412
In base 15, what is 5 + -3224a?
-32245
In base 16, what is -a - 4294?
-429e
In base 7, what is -2 + -122445?
-122450
In base 16, what is 24 + 185?
1a9
In base 14, what is b37c - -4?
b382
In base 5, what is 10020202 - 133?
10020014
In base 11, what is -145a4 + -4?
-145a8
In base 10, what is -30381 - 6?
-30387
In base 12, what is -9 - 9b2?
-9bb
In base 12, what is -28645 - -1?
-28644
In base 14, what is 48d4 + 3?
48d7
In base 14, what is -2573 + 49b?
-20b6
In base 6, what is 22123 + -10?
22113
In base 8, what is -570 - 4465?
-5255
In base 7, what is -10 - 43240?
-43250
In base 11, what is 7a + -9554?
-9485
In base 14, what is -2d - -1324a?
1321b
In base 10, what is 654 + -3032?
-2378
In base 13, what is -239 + -323?
-55c
In base 12, what is -5 + 4309a?
43095
In base 14, what is d68 - -222?
118a
In base 7, what is -212 - -463?
251
In base 13, what is -1ba + -594?
-781
In base 15, what is 1 - 60c8?
-60c7
In base 11, what is -19371 - -11?
-19360
In base 13, what is -58860a + -2?
-58860c
In base 4, what is -102300031 - 2?
-102300033
In base 5, what is -224340 + -34?
-224424
In base 12, what is -5252 - -172?
-50a0
In base 3, what is 2212100 - 10?
2212020
In base 4, what is 3103002 + 1013?
3110021
In base 15, what is 13519c + a?
1351a7
In base 16, what is -89d - -1?
-89c
In base 9, what is 51 + -52736?
-52675
In base 2, what is 10111 - 11111101000011?
-11111100101100
In base 10, what is 1023 - 62?
961
In base 3, what is 1120020222 + 20?
1120021012
In base 13, what is 7125 + -7?
711b
In base 13, what is -9 + -969?
-975
In base 14, what is -8d443 + -4?
-8d447
In base 5, what is -10242 + 1111?
-4131
In base 11, what is 29 + -3437?
-3409
In base 15, what is -2 - -10543?
10541
In base 13, what is -15 - -1969?
1954
In base 3, what is 11222 - -1211221?
2000220
In base 3, what is 11121120 - -1102?
11122222
In base 6, what is -3 + -101351?
-101354
In base 16, what is 2edf - -1?
2ee0
In base 15, what is 2843 - -16?
2859
In base 16, what is 7f + -52?
2d
In base 7, what is 2210545 - 6?
2210536
In base 4, what is -1311 - 2232310?
-2300221
In base 10, what is -81573 - -4?
-81569
In base 16, what is -26f + 5b?
-214
In base 3, what is -100002100022 - 1?
-100002100100
In base 7, what is -643110 - 2?
-643112
In base 10, what is 865 + -44?
821
In base 3, what is -1212 - 211110220?
-211112202
In base 13, what is -10 - 1a05?
-1a15
In base 6, what is -2152 + 323?
-1425
In base 9, what is 3 - 80008?
-80005
In base 8, what is -13 - -11342?
11327
In base 11, what is 334 - 7905?
-7581
In base 15, what is -2 + -2960?
-2962
In base 12, what is -6b5 + -199?
-892
In base 5, what is -11 + 2224201?
2224140
In base 15, what is 8e - e7?
-58
In base 15, what is -9abac + 5?
-9aba7
In base 10, what is -2693020 + -2?
-2693022
In base 15, what is -24eb + -11d?
-2619
In base 5, what is 14232300 + -21?
14232224
In base 6, what is 220 + 23?
243
In base 8, what is 0 + 20402?
20402
In base 4, what is 210013 + -13230?
130123
In base 10, what is -89 + 543?
454
In base 3, what is -20020221211 + 100?
-20020221111
In base 16, what is 1bc - 85?
137
In base 13, what is -4 - 121b?
-1222
In base 8, what is -307755 - 10?
-307765
In base 16, what is -8ab - 32?
-8dd
In base 5, what is 30221013 + 10?
30221023
In base 9, what is -608 - 163?
-772
In base 7, what is 100005 + 155?
100163
In base 8, what is -1347611 + 4?
-1347605
In base 14, what is 6 + 1d2?
1d8
In base 9, what is 3 -